at is -27345 + 11?
-27334
In base 5, what is 10 + -123432?
-123422
In base 8, what is -2304 + 31?
-2253
In base 16, what is -ada - 4e?
-b28
In base 16, what is 2fe + -a94?
-796
In base 16, what is -43bf + 5?
-43ba
In base 9, what is 0 - 245233?
-245233
In base 10, what is 3093 + -736?
2357
In base 6, what is 20 - -2421?
2441
In base 11, what is -2042a - -7?
-20423
In base 5, what is -113 + -12112042?
-12112210
In base 4, what is 33 - 112323?
-112230
In base 2, what is 1101000101011001 + 101?
1101000101011110
In base 3, what is -1020 + -1200221?
-1202011
In base 4, what is -222331021 + 1?
-222331020
In base 7, what is 2 - -130606?
130611
In base 3, what is -1100102 - -10202?
-1012200
In base 7, what is -2 - -6146334?
6146332
In base 15, what is 1099 - -b?
10a5
In base 7, what is 31615 + 3?
31621
In base 9, what is 1233 - -187?
1431
In base 16, what is 7 + 122f?
1236
In base 8, what is -45 + 40655?
40610
In base 10, what is -260 + 1440?
1180
In base 9, what is 25013 - 6?
25006
In base 8, what is -22 + 30040?
30016
In base 16, what is 95 - -6ca5?
6d3a
In base 15, what is 938 - -43b?
d74
In base 14, what is 3 - -813b?
8140
In base 12, what is 0 - 302a5?
-302a5
In base 15, what is -356 - -254?
-102
In base 16, what is 27 - 1aa?
-183
In base 5, what is 4 - 301241?
-301232
In base 13, what is 47329 - 5?
47324
In base 14, what is -168 - 9?
-173
In base 5, what is -122 + 4424112?
4423440
In base 12, what is 2b7 + -19?
29a
In base 4, what is 0 + -113233330?
-113233330
In base 12, what is -3711 + 68?
-3665
In base 14, what is 323 - -75c?
a81
In base 6, what is -353 - 525?
-1322
In base 2, what is 100011110010 + -1110001?
100010000001
In base 16, what is -1f - 43f?
-45e
In base 12, what is -5438 + 1?
-5437
In base 4, what is -2 + 1023022002?
1023022000
In base 6, what is 52001 + -4?
51553
In base 9, what is 248182 + 2?
248184
In base 15, what is -c6 + 3?
-c3
In base 5, what is -201300 + 1043?
-200202
In base 14, what is 93a - 65?
8b5
In base 7, what is 25263 - 366?
24564
In base 6, what is 154 + 130?
324
In base 14, what is -344b9 + 4?
-344b5
In base 3, what is -2011112121 + 11?
-2011112110
In base 3, what is 212210201 + -101100?
212102101
In base 4, what is -123023 + 13?
-123010
In base 10, what is 10 - 21443?
-21433
In base 4, what is 20303303332 + 0?
20303303332
In base 6, what is -34 + 242030?
241552
In base 10, what is -1030 + -488?
-1518
In base 3, what is -2120021 + 222?
-2112022
In base 13, what is 403 - 2aa?
126
In base 15, what is 1 - 2786?
-2785
In base 15, what is -3e4 - 10?
-404
In base 8, what is -525 + 257?
-246
In base 14, what is a268 - 7?
a261
In base 16, what is 1 - 1fda?
-1fd9
In base 7, what is 53123 - -61?
53214
In base 6, what is 3 + -4535?
-4532
In base 2, what is -1001110100111 - -10011110001?
-111010110110
In base 15, what is 3 + -33934?
-33931
In base 4, what is 1320 + -1011123?
-1003203
In base 16, what is -1 + 4acc?
4acb
In base 9, what is 17102 + -34?
17057
In base 13, what is 11338a5 - 5?
11338a0
In base 7, what is 5146235 - 3?
5146232
In base 13, what is -35 - -7c80?
7c48
In base 2, what is 11 - -10010011100110111?
10010011100111010
In base 14, what is 18244 + 18?
1825c
In base 3, what is -200000012002 - 10?
-200000012012
In base 9, what is 40662 - -2?
40664
In base 13, what is 1ac52 + -7?
1ac48
In base 11, what is 1 + 20551?
20552
In base 15, what is 1aedd0 + 3?
1aedd3
In base 7, what is -12226 + -2?
-12231
In base 4, what is 1233231 + 21001?
1320232
In base 4, what is 11 - 1221021?
-1221010
In base 4, what is 112331 - -203?
113200
In base 10, what is -14517 - 5?
-14522
In base 8, what is 745 + 14?
761
In base 7, what is 0 + 222?
222
In base 11, what is -241 - 103?
-344
In base 10, what is 4489 + 4?
4493
In base 5, what is -24 + -303100?
-303124
In base 11, what is 18581 + 9?
1858a
In base 2, what is 11101100 - 10101111101?
-10010010001
In base 7, what is 63235 - -45?
63313
In base 10, what is 19257 + -69?
19188
In base 16, what is -241f + d?
-2412
In base 5, what is -2 - 232011304?
-232011311
In base 10, what is -2 + 1324296?
1324294
In base 3, what is 2101111012102 + 10?
2101111012112
In base 7, what is 32530 + 62?
32622
In base 11, what is 23 - -a096?
a109
In base 16, what is -265471 - 1?
-265472
In base 4, what is 202 + -13211?
-13003
In base 4, what is 2 + 223130?
223132
In base 7, what is 301160 - 40?
301120
In base 15, what is -3 - -581b?
5818
In base 6, what is -224550 - -23?
-224523
In base 7, what is -55365 - 2?
-55400
In base 9, what is 133346 + -13?
133333
In base 10, what is -5 - -1451?
1446
In base 7, what is -142422 + 20?
-142402
In base 14, what is -9c5 + 3b?
-988
In base 2, what is 10111011110 - 10100100?
10100111010
In base 3, what is -1110021 - -1010112?
-22202
In base 2, what is -11 - -1101000011101010?
1101000011100111
In base 3, what is 10020221200120 + 10?
10020221200200
In base 11, what is -11 - 3799?
-37aa
In base 9, what is 380802 + -1?
380801
In base 7, what is 156 - -614?
1103
In base 13, what is -669b7 + -3?
-669ba
In base 11, what is 911 - 37?
885
In base 3, what is -11 - -22122001010?
22122000222
In base 10, what is -24699 + 308?
-24391
In base 5, what is -2401 - 1440?
-4341
In base 4, what is -1212 + 11220?
10002
In base 8, what is 45115 - 3?
45112
In base 15, what is 3 - -a02d?
a031
In base 2, what is 11000000001011001 - 1?
11000000001011000
In base 7, what is -1 - -114625?
114624
In base 4, what is 10 - 11120303?
-11120233
In base 7, what is 23030 - 161?
22536
In base 7, what is 60 + 3253?
3343
In base 16, what is -51e + -33?
-551
In base 6, what is 20 - -1434113?
1434133
In base 13, what is -5 - -20a5?
20a0
In base 12, what is -170 + -50?
-200
In base 10, what is 204 - -135?
339
In base 7, what is -44301 - 1?
-44302
In base 10, what is -231 - 229?
-460
In base 12, what is -5 + 4b45?
4b40
In base 11, what is -2 - 481792?
-481794
In base 4, what is 30123 - 112?
30011
In base 11, what is 80a - a39?
-22a
In base 4, what is 11 + -13312213?
-13312202
In base 15, what is -4 - 3434?
-3438
In base 3, what is -2 - -21200011?
21200002
In base 10, what is -2 + -4541?
-4543
In base 7, what is 564261 + 0?
564261
In base 13, what is -1a - -77c1?
77a4
In base 4, what is 2 + -12220223?
-12220221
In base 6, what is -141242 - -33?
-141205
In base 9, what is -380 + -455?
-845
In base 9, what is 3 + 10270?
10273
In base 10, what is -136 + -13?
-149
In base 10, what is -27922 + 4?
-27918
In base 12, what is 34 - 477?
-443
In base 5, what is 42420430 - -2?
42420432
In base 16, what is -9913c - 0?
-9913c
In base 12, what is aa754 - -3?
aa757
In base 14, what is 152d9 - 1?
152d8
In base 7, what is 40451212 + -1?
40451211
In base 9, what is -5 + 33146?
33141
In base 9, what is 4 - -87001?
87005
In base 16, what is 8938 + 0?
8938
In base 13, what is -51 - 4a0?
-521
In base 11, what is 50a2 + -29?
5074
In base 3, what is -20 + 221002000?
221001210
In base 11, what is 6 - 16509?
-16503
In base 4, what is 20012112201 + 2?
20012112203
In base 7, what is -4 + 53410?
53403
In base 6, what is 152 + -545544?
-545352
In base 9, what is -281671 + 8?
-281662
In base 12, what is 22 - 3a5?
-383
In base 8, what is 617112 + 17?
617131
In base 14, what is -32c920 - -7?
-32c917
In base 8, what is 4 + 1756430?
1756434
In base 11, what is 133a336 - -5?
133a340
In base 3, what is 12001121 - -22?
12001220
In base 9, what is 23055 + 2?
23057
In base 13, what is -678b3 - 1?
-678b4
In base 15, what is -2 + -27cc8?
-27cca
In base 15, what is -5b08b + -4?
-5b090
In base 8, what is 125005 - -4?
125011
In base 2, what is -101 - -1111000111000111?
1111000111000010
In base 16, what is -dcb6 + 2?
-dcb4
In base 7, what is -444220 - -3?
-444214
In base 5, what is -10 + -11111022?
-11111032
In base 15, what is -bad92 + -2?
-bad94
In base 12, what is 3aab3 - 3?
3aab0
In base 9, what is -5075 + 110?
-4865
In base 13, what is -3 - 41c4?
-41c7
In base 6, what is -43024 - 10?
-43034
In base 9, what is 326 - -62?
388
In base 4, what is 0 + -1302232?
-1302232
In base 12, what is -1a22063 - 2?
-1a22065
In base 7, what is -5161434 + -1?
-5161435
In base 8, what is -204172 - 24?
-204216
In base 5, what is -1104020 + -33?
-1104103
In base 13, what is -4 - 1536?
-153a
In base 4, what is -323 + -2030221?
-2031210
In base 4, what is 33002011 + -2?
33002003
